{"id":227,"date":"2026-02-25T08:37:43","date_gmt":"2026-02-25T07:37:43","guid":{"rendered":"https:\/\/www.farmaciaencordoba.es\/w\/?page_id=227"},"modified":"2026-02-25T14:35:32","modified_gmt":"2026-02-25T13:35:32","slug":"vision-2","status":"publish","type":"page","link":"https:\/\/www.farmaciaencordoba.es\/w\/vision-2\/","title":{"rendered":"Vision"},"content":{"rendered":"<p style=\"text-align: center;\">Ofrecer todo aquello que el paciente necesita actuliz\u00e1ndonos y estudiando continuamente en todos nuestros campos proporcionando la mejor soluci\u00f3n farmac\u00e9utica<\/p>\n","protected":false},"excerpt":{"rendered":"<p>Ofrecer todo aquello que el paciente necesita actuliz\u00e1ndonos y estudiando continuamente en todos nuestros campos proporcionando la mejor soluci\u00f3n farmac\u00e9utica<\/p>\n","protected":false},"author":1,"featured_media":0,"parent":0,"menu_order":0,"comment_status":"closed","ping_status":"closed","template":"","meta":{"footnotes":""},"class_list":["post-227","page","type-page","status-publish","hentry"],"_links":{"self":[{"href":"https:\/\/www.farmaciaencordoba.es\/w\/wp-json\/wp\/v2\/pages\/227","targetHints":{"allow":["GET"]}}],"collection":[{"href":"https:\/\/www.farmaciaencordoba.es\/w\/wp-json\/wp\/v2\/pages"}],"about":[{"href":"https:\/\/www.farmaciaencordoba.es\/w\/wp-json\/wp\/v2\/types\/page"}],"author":[{"embeddable":true,"href":"https:\/\/www.farmaciaencordoba.es\/w\/wp-json\/wp\/v2\/users\/1"}],"replies":[{"embeddable":true,"href":"https:\/\/www.farmaciaencordoba.es\/w\/wp-json\/wp\/v2\/comments?post=227"}],"version-history":[{"count":2,"href":"https:\/\/www.farmaciaencordoba.es\/w\/wp-json\/wp\/v2\/pages\/227\/revisions"}],"predecessor-version":[{"id":233,"href":"https:\/\/www.farmaciaencordoba.es\/w\/wp-json\/wp\/v2\/pages\/227\/revisions\/233"}],"wp:attachment":[{"href":"https:\/\/www.farmaciaencordoba.es\/w\/wp-json\/wp\/v2\/media?parent=227"}],"curies":[{"name":"wp","href":"https:\/\/api.w.org\/{rel}","templated":true}]}}