{"id":142,"date":"2026-02-24T17:53:42","date_gmt":"2026-02-24T16:53:42","guid":{"rendered":"https:\/\/www.farmaciaencordoba.es\/w\/?page_id=142"},"modified":"2026-02-24T17:53:59","modified_gmt":"2026-02-24T16:53:59","slug":"nota-legal","status":"publish","type":"page","link":"https:\/\/www.farmaciaencordoba.es\/w\/nota-legal\/","title":{"rendered":"Nota Legal"},"content":{"rendered":"<p><strong>Diego P\u00e9rez Perez-Gimenez<\/strong>, en su condici\u00f3n de titular y responsable de la presente web, en cumplimiento con lo establecido en el art\u00edculo 10 de la Ley 34\/2002, de 11 de julio, de servicios de la sociedad de la informaci\u00f3n y de comercio electr\u00f3nico, pone a disposici\u00f3n de los usuarios la siguiente informaci\u00f3n de car\u00e1cter general.<br \/>\n<strong>Diego P\u00e9rez P\u00e9rez-Gimenez<\/strong>, es una persona f\u00edsica con domicilio fiscal en C\/ Maestro Priego L\u00f3pez, 7 &#8211; 14004 CORDOBA (ESPA\u00d1A) Y respetar\u00e1 escrupulosamente la confidencialidad de los datos de car\u00e1cter personal aportados por los visitantes de la p\u00e1gina web, mediante el cumplimiento de la normativa vigente sobre protecci\u00f3n de datos, RGPD 2016\/679 (UE) y Ley Org\u00e1nica 3\/2018, de 5 de diciembre, de Protecci\u00f3n de Datos Personales y garant\u00eda de derechos digitales.<br \/>\nLos datos recibidos ser\u00e1n tratados con la finalidad de facilitar la informaci\u00f3n solicitada y ser\u00e1n incorporados a un sistema de tratamiento del que es responsable\u00a0<strong>Diego P\u00e9rez P\u00e9rez-Gimenez<\/strong>. Los datos se conservar\u00e1n mientras no ejerza el derecho de supresi\u00f3n.<br \/>\nLos usuarios podr\u00e1n ejercer, respecto a los datos obtenidos, el derecho a solicitar el acceso a sus datos personales, su rectificaci\u00f3n si fueren inexactos o su supresi\u00f3n, la limitaci\u00f3n del tratamiento, la oposici\u00f3n al mismo, as\u00ed como el derecho a la portabilidad de los datos.<br \/>\nIgualmente tiene derecho a retirar el consentimiento en cualquiera de sus finalidades, sin que ello afecte a la licitud del tratamiento basado en el consentimiento prestado previamente. Para ello puede dirigir una carta a la direcci\u00f3n de C\/ Maestro Priego L\u00f3pez, 7 &#8211; 14004 CORDOBA o a la direcci\u00f3n de correo electr\u00f3nico\u00a0<a href=\"mailto:info@farmaciaencordoba.es\"><strong>info@farmaciaencordoba.es<\/strong><\/a>\u00a0indicando el derecho que desea ejercer. Deber\u00e1 adjuntarse documento acreditativo de su identidad. Podr\u00e1 presentar reclamaci\u00f3n ante la AEPD.<\/p>\n<p>&nbsp;<\/p>\n","protected":false},"excerpt":{"rendered":"<p>Diego P\u00e9rez Perez-Gimenez, en su condici\u00f3n de titular y responsable de la presente web, en cumplimiento con lo establecido en el art\u00edculo 10 de la Ley 34\/2002, de 11 de julio, de servicios de la sociedad de la informaci\u00f3n y de comercio electr\u00f3nico, pone a disposici\u00f3n de los usuarios la siguiente informaci\u00f3n de car\u00e1cter general. Diego P\u00e9rez P\u00e9rez-Gimenez, es una persona f\u00edsica con domicilio fiscal en C\/ Maestro Priego L\u00f3pez, 7 &#8211; 14004 CORDOBA (ESPA\u00d1A) Y respetar\u00e1 escrupulosamente la confidencialidad de los datos de car\u00e1cter personal aportados por los visitantes de la p\u00e1gina web, mediante el cumplimiento de la normativa&#8230; <\/p>\n","protected":false},"author":1,"featured_media":0,"parent":0,"menu_order":0,"comment_status":"closed","ping_status":"closed","template":"template-no-sidebar.php","meta":{"footnotes":""},"class_list":["post-142","page","type-page","status-publish","hentry"],"_links":{"self":[{"href":"https:\/\/www.farmaciaencordoba.es\/w\/wp-json\/wp\/v2\/pages\/142","targetHints":{"allow":["GET"]}}],"collection":[{"href":"https:\/\/www.farmaciaencordoba.es\/w\/wp-json\/wp\/v2\/pages"}],"about":[{"href":"https:\/\/www.farmaciaencordoba.es\/w\/wp-json\/wp\/v2\/types\/page"}],"author":[{"embeddable":true,"href":"https:\/\/www.farmaciaencordoba.es\/w\/wp-json\/wp\/v2\/users\/1"}],"replies":[{"embeddable":true,"href":"https:\/\/www.farmaciaencordoba.es\/w\/wp-json\/wp\/v2\/comments?post=142"}],"version-history":[{"count":1,"href":"https:\/\/www.farmaciaencordoba.es\/w\/wp-json\/wp\/v2\/pages\/142\/revisions"}],"predecessor-version":[{"id":143,"href":"https:\/\/www.farmaciaencordoba.es\/w\/wp-json\/wp\/v2\/pages\/142\/revisions\/143"}],"wp:attachment":[{"href":"https:\/\/www.farmaciaencordoba.es\/w\/wp-json\/wp\/v2\/media?parent=142"}],"curies":[{"name":"wp","href":"https:\/\/api.w.org\/{rel}","templated":true}]}}