{"id":120,"date":"2026-02-24T17:25:58","date_gmt":"2026-02-24T16:25:58","guid":{"rendered":"https:\/\/www.farmaciaencordoba.es\/w\/?page_id=120"},"modified":"2026-03-04T17:52:29","modified_gmt":"2026-03-04T16:52:29","slug":"empresa","status":"publish","type":"page","link":"https:\/\/www.farmaciaencordoba.es\/w\/empresa\/","title":{"rendered":"Empresa"},"content":{"rendered":"<p><img loading=\"lazy\" decoding=\"async\" class=\"size-medium wp-image-136 alignleft\" src=\"https:\/\/www.farmaciaencordoba.es\/w\/wp-content\/uploads\/2026\/02\/expositor-245x300.jpg\" alt=\"\" width=\"245\" height=\"300\" srcset=\"https:\/\/www.farmaciaencordoba.es\/w\/wp-content\/uploads\/2026\/02\/expositor-245x300.jpg 245w, https:\/\/www.farmaciaencordoba.es\/w\/wp-content\/uploads\/2026\/02\/expositor.jpg 495w\" sizes=\"auto, (max-width: 245px) 100vw, 245px\" \/><\/p>\n<p>Farmacia abierta desde el a\u00f1o 1959, por Fernando P\u00e9rez Pel\u00e1ez prestando desde entonces un servicio de asesoramiento de la salud consider\u00e1ndonos una farmacia de referencia en este barrio por su larga trayectoria y la gran vocaci\u00f3n por dicha profesi\u00f3n. En estos a\u00f1os la farmacia se ha reformado en su totalidad adapt\u00e1ndose a la modernidad y seguimos pensando en mantener nuestra pol\u00edtica de asistencia sanitaria, siendo nuestra prioridad cuidar la salud y bienestar adapt\u00e1ndonos a sus necesidades.\u00a0 Actualmente el titular de esta farmacia es Diego P\u00e9rez P\u00e9rez Gim\u00e9nez y pr\u00f3ximamente pasara a la tercera generaci\u00f3n familiar, a Teresa P\u00e9rez Leiva que ya est\u00e1 integrada en esta vocaci\u00f3n de servicio ya inculcada por su abuelo Fernando y que afronta este reto con gran ilusi\u00f3n.<\/p>\n<p style=\"text-align: center;\">Nuestro objetivo principal es la satisfacci\u00f3n total de nuestros pacientes\/clientes, por eso procuramos ofrecer todo aquello que creemos indispensable para cubrir sus necesidades, bas\u00e1ndonos en la solidez de los conocimientos y experiencias de un gran equipo humano y profesional. Llevamos a cabo una atenci\u00f3n personalizada, <strong>buscando que cada una de las personas que acuda a nosotros encuentre respuestas y soluciones a sus dudas y necesidades, para ello contamos con el incentivo de la ilusi\u00f3n por mejorar y crecer cada d\u00eda.\u00a0<\/strong><\/p>\n<p>&nbsp;<\/p>\n","protected":false},"excerpt":{"rendered":"<p>Farmacia abierta desde el a\u00f1o 1959, por Fernando P\u00e9rez Pel\u00e1ez prestando desde entonces un servicio de asesoramiento de la salud consider\u00e1ndonos una farmacia de referencia en este barrio por su larga trayectoria y la gran vocaci\u00f3n por dicha profesi\u00f3n. En estos a\u00f1os la farmacia se ha reformado en su totalidad adapt\u00e1ndose a la modernidad y seguimos pensando en mantener nuestra pol\u00edtica de asistencia sanitaria, siendo nuestra prioridad cuidar la salud y bienestar adapt\u00e1ndonos a sus necesidades.\u00a0 Actualmente el titular de esta farmacia es Diego P\u00e9rez P\u00e9rez Gim\u00e9nez y pr\u00f3ximamente pasara a la tercera generaci\u00f3n familiar, a Teresa P\u00e9rez Leiva que&#8230; <\/p>\n","protected":false},"author":1,"featured_media":136,"parent":0,"menu_order":0,"comment_status":"closed","ping_status":"closed","template":"template-no-sidebar.php","meta":{"footnotes":""},"class_list":["post-120","page","type-page","status-publish","has-post-thumbnail","hentry"],"_links":{"self":[{"href":"https:\/\/www.farmaciaencordoba.es\/w\/wp-json\/wp\/v2\/pages\/120","targetHints":{"allow":["GET"]}}],"collection":[{"href":"https:\/\/www.farmaciaencordoba.es\/w\/wp-json\/wp\/v2\/pages"}],"about":[{"href":"https:\/\/www.farmaciaencordoba.es\/w\/wp-json\/wp\/v2\/types\/page"}],"author":[{"embeddable":true,"href":"https:\/\/www.farmaciaencordoba.es\/w\/wp-json\/wp\/v2\/users\/1"}],"replies":[{"embeddable":true,"href":"https:\/\/www.farmaciaencordoba.es\/w\/wp-json\/wp\/v2\/comments?post=120"}],"version-history":[{"count":6,"href":"https:\/\/www.farmaciaencordoba.es\/w\/wp-json\/wp\/v2\/pages\/120\/revisions"}],"predecessor-version":[{"id":240,"href":"https:\/\/www.farmaciaencordoba.es\/w\/wp-json\/wp\/v2\/pages\/120\/revisions\/240"}],"wp:featuredmedia":[{"embeddable":true,"href":"https:\/\/www.farmaciaencordoba.es\/w\/wp-json\/wp\/v2\/media\/136"}],"wp:attachment":[{"href":"https:\/\/www.farmaciaencordoba.es\/w\/wp-json\/wp\/v2\/media?parent=120"}],"curies":[{"name":"wp","href":"https:\/\/api.w.org\/{rel}","templated":true}]}}

<p><img loading="lazy" decoding="async" class="size-medium wp-image-136 alignleft" src="https://www.farmaciaencordoba.es/w/wp-content/uploads/2026/02/expositor-245x300.jpg" alt="" width="245" height="300" srcset="https://www.farmaciaencordoba.es/w/wp-content/uploads/2026/02/expositor-245x300.jpg 245w, https://www.farmaciaencordoba.es/w/wp-content/uploads/2026/02/expositor.jpg 495w" sizes="auto, (max-width: 245px) 100vw, 245px" /></p>
<p>Farmacia abierta desde el año 1959, por Fernando Pérez Peláez prestando desde entonces un servicio de asesoramiento de la salud considerándonos una farmacia de referencia en este barrio por su larga trayectoria y la gran vocación por dicha profesión. En estos años la farmacia se ha reformado en su totalidad adaptándose a la modernidad y seguimos pensando en mantener nuestra política de asistencia sanitaria, siendo nuestra prioridad cuidar la salud y bienestar adaptándonos a sus necesidades.  Actualmente el titular de esta farmacia es Diego Pérez Pérez Giménez y próximamente pasara a la tercera generación familiar, a Teresa Pérez Leiva que ya está integrada en esta vocación de servicio ya inculcada por su abuelo Fernando y que afronta este reto con gran ilusión.</p>
<p style="text-align: center;">Nuestro objetivo principal es la satisfacción total de nuestros pacientes/clientes, por eso procuramos ofrecer todo aquello que creemos indispensable para cubrir sus necesidades, basándonos en la solidez de los conocimientos y experiencias de un gran equipo humano y profesional. Llevamos a cabo una atención personalizada, <strong>buscando que cada una de las personas que acuda a nosotros encuentre respuestas y soluciones a sus dudas y necesidades, para ello contamos con el incentivo de la ilusión por mejorar y crecer cada día. </strong></p>
<p>&nbsp;</p>

<p>Farmacia abierta desde el año 1959, por Fernando Pérez Peláez prestando desde entonces un servicio de asesoramiento de la salud considerándonos una farmacia de referencia en este barrio por su larga trayectoria y la gran vocación por dicha profesión. En estos años la farmacia se ha reformado en su totalidad adaptándose a la modernidad y seguimos pensando en mantener nuestra política de asistencia sanitaria, siendo nuestra prioridad cuidar la salud y bienestar adaptándonos a sus necesidades.  Actualmente el titular de esta farmacia es Diego Pérez Pérez Giménez y próximamente pasara a la tercera generación familiar, a Teresa Pérez Leiva que&#8230; </p>
